atest common divisor of v and 65?
13
Let f = 9 + -4. Let q = -74 + 250. Suppose 0 = -9*p + 671 - q. Calculate the greatest common factor of p and f.
5
Suppose -329 - 446 = -5*s. Suppose 5*p + 5*v - v - 163 = 0, -4*p = -5*v - s. Calculate the greatest common divisor of p and 5.
5
Let k be 4/((-2)/3 + 0). Let r = 16 + k. Calculate the highest common factor of 50 and r.
10
Let s be 0/((-4)/1) + 3. Suppose -4*v = s*q - 28 - 4, 0 = 5*v + 2*q - 33. What is the greatest common factor of 45 and v?
5
Suppose 0 = g - 3*t + 11, 3*t + 4 = 4*g + 3. Let f(s) = 3*s + g*s - 3 + 5*s. Let j be f(2). Calculate the highest common factor of 3 and j.
3
Suppose 40*n = 41*n - 168. Calculate the greatest common factor of n and 63.
21
Let x(w) = 5*w - 4. Let k be x(2). Suppose -7 = -2*a + n, k*n = 3*n + 15. What is the greatest common factor of 12 and a?
6
Suppose 0 = p - 14*p + 2093. What is the greatest common divisor of 23 and p?
23
Let t be 10/3 - 5/15. Let g = t + -1. Suppose -g*q + q = -1. Calculate the highest common divisor of q and 9.
1
Let t = 13 - 7. Suppose t*j = 4*j. Suppose 5*s - 80 = -2*n, j = -4*s + 4*n - 14 + 78. Calculate the greatest common factor of s and 24.
8
Suppose 291 = 11*i - 72. Calculate the greatest common divisor of 209 and i.
11
Suppose 6 = 2*s, 2*m = 5*s + 16 + 37. Suppose -m = -b - b. Let k = b + -9. What is the highest common factor of 2 and k?
2
Suppose -3*a + 302 = -4*h + 273, 4*h = -4*a + 48. What is the highest common divisor of a and 297?
11
Suppose -17*k = 41*k - 1392. Let n = 7 - 3. Suppose -32 = -5*l - 4*j, n*l + 5*j - 12 = 10. Calculate the greatest common divisor of k and l.
8
Suppose 0 = -175*f + 185*f - 1140. Calculate the greatest common divisor of 266 and f.
38
Let t(d) = -d**3 + 9*d**2 + 15*d + 5. Let z be t(10). Suppose 27 = 2*a - 39. What is the greatest common factor of a and z?
11
Suppose -3*b = -b - 48. Suppose 0 = q - 3 - b. What is the greatest common factor of q and 27?
27
Let z(h) = h**3 - 4*h**2 - 4*h + 10. Let y be z(6). Suppose 3*f - 181 = -y. Suppose -5*d + 409 = -f. What is the highest common divisor of d and 10?
10
Let c = -70 - -92. What is the greatest common factor of 88 and c?
22
Suppose 0 = -3*v + l + 4*l - 215, 5*v = 5*l - 355. Let j = -39 - v. Calculate the highest common divisor of 93 and j.
31
Let f be (6 - (-14)/(-4))/((-7)/(-14)). Let s be ((-2)/4)/((-4)/24). Suppose -10 = -5*n, -4*n + 9*n - 85 = -s*a. What is the greatest common factor of a and f?
5
Let g be (5/(-3))/((-14)/(3910 + -4)). What is the greatest common divisor of 279 and g?
93
Suppose 124*n - 127*n - 116 = -2*r, 192 = 4*r + 4*n. Calculate the greatest common divisor of 1196 and r.
52
Let a be -250*(135/100 - (-1)/4). Let i = -255 - a. What is the highest common divisor of i and 5?
5
Suppose -2*r = -r - 24. Let o(g) = -g**3 + 36*g**2 - 61*g - 118. Let j be o(34). Calculate the highest common factor of r and j.
24
Let k = -36 + 52. Suppose 5*t = 5*i + 8*t - 798, -4*t - k = 0. What is the highest common factor of 18 and i?
18
Let d = -95 - -98. Suppose -g - h + 1 = -d*h, -5*h = -10. Calculate the greatest common divisor of 25 and g.
5
Suppose -13 = -2*d - 3*k, -10*d = -7*d + 3*k - 18. Suppose 2*g - 85 = -t, -g - 3*t + 38 = -17. What is the highest common factor of d and g?
5
Suppose -4*m + 7*m + 13 = 2*q, 5*q - 2*m - 27 = 0. Suppose 0*b + 2*b = -2*x + 64, -166 = -5*b - 3*x. What is the greatest common divisor of b and q?
5
Let i = -151 + 263. What is the greatest common factor of i and 21?
7
Suppose -69*g + 3234 = -55*g. Calculate the greatest common divisor of g and 21.
21
Let p(x) = 3*x + 2 + 4*x**2 - 5*x + 3*x - 5*x. Let y be p(2). Let q be 34/y + (-8)/20. Calculate the highest common factor of q and 33.
3
Suppose 6*q = 5*q - 21. Let k = q - -27. Suppose n + 0*n = 54. What is the highest common factor of n and k?
6
Let b = 4 + -3. Let f(n) = n**3 + 4*n**2 - n - 1. Let z be f(-4). Suppose z*c = -c + 36. Calculate the highest common factor of c and b.
1
Let m = 1899 - 1845. Calculate the greatest common factor of 2538 and m.
54
Let a(g) = 0 - 4 - 2 - 2 - g**2 - 7*g. Let u be a(-4). Let z = -6 - -8. What is the greatest common factor of z and u?
2
Suppose -4*h + 24 = 2*b, 4*b - h - 45 = -6*h. Suppose 89 + 4321 = b*z. Calculate the greatest common factor of 49 and z.
49
Let t(w) = -4*w**2 - 10*w + 26. Let j(y) = 6*y**2 + 15*y - 39. Let a(v) = 5*j(v) + 7*t(v). Let c be a(-6). Calculate the greatest common divisor of c and 29.
29
Suppose 0 = 4*z - 12, -3*a + 5*a - 11 = -5*z. Let u(y) = -3*y + 6*y**3 + 2 - 7*y**3 + 6*y. Let l be u(a). What is the greatest common factor of 4 and l?
4
Let y(m) = 2*m**2 - 18*m - 1. Let d be y(9). Let h be 2/((-8)/4)*d - -9. Calculate the greatest common factor of 40 and h.
10
Let k(r) = 3*r**2 + 5*r + 8. Let l be ((-2)/(-6))/((-3)/18). Let f be k(l). Suppose 79 = 4*s - 41. Calculate the greatest common factor of s and f.
10
Let t(u) = -6*u - 2. Suppose 2*j + 6 = -b, 3*b + 5*j = -0*b - 14. Let l be b/(2*(-1)/2). Let w be t(l). Calculate the greatest common divisor of 50 and w.
10
Suppose b = -30*j + 28*j + 9, -2*j = 0. What is the greatest common divisor of 57 and b?
3
Let b(y) = y**3 + 5*y**2 - y - 6. Let t be b(-5). Let a be (-6)/2 + (-3)/t. Let p be 32 + 2/(-1 + a). What is the greatest common factor of p and 12?
6
Suppose 0 = -3*j - 280 + 331. What is the highest common divisor of j and 323?
17
Suppose -4*o - 5*v + 255 = 0, 21*o + 2*v = 17*o + 246. Calculate the highest common factor of o and 510.
30
Let u be 97/11 - (-10)/55. Let s(v) = 2*v + 4*v**2 + 8 - v**3 - u + 6. Let b be s(3). What is the greatest common divisor of 50 and b?
10
Let v be 5 + ((-5)/10)/((-1)/(-2)). Suppose 94 + 82 = v*y + 2*b, -b + 172 = 4*y. What is the greatest common divisor of y and 6?
6
Suppose -1849 + 449 = -70*r. What is the greatest common divisor of 230 and r?
10
Let a be (476/35)/(1/((-10)/(-4))). Let h = a - 25. What is the highest common divisor of h and 63?
9
Suppose 2 - 1 = -2*m - 3*y, m = -3*y - 8. Suppose -6*i + 242 = -94. What is the greatest common factor of m and i?
7
Suppose -21432 = -45*l + 33*l. Calculate the highest common divisor of 38 and l.
38
Let b(p) = -p**2 + 9*p + 4. Let u be b(7). Let q = u - 5. Suppose 4*n - 449 = -3*s, -2*s = -2*n - n - 271. What is the greatest common factor of q and s?
13
Let j = -21 + 36. Let h(b) = b + 14. Let q be h(-11). Suppose 2*o = -4*f + 58, -3*f + 7*f - 57 = -q*o. Calculate the highest common factor of j and f.
15
Let o(g) = 29*g - 88. Let z be o(6). What is the greatest common factor of 86 and z?
86
Let x(n) = -11*n**3 - 10*n + 6. Let d be x(-5). What is the highest common factor of 27 and d?
27
Let k = -10 + 15. Suppose -b + 3*i + 61 = 4*b, 0 = b + 3*i - k. What is the highest common factor of 1 and b?
1
Let c be (-117)/18*(-4 + 0). Calculate the highest common divisor of 130 and c.
26
Let b be ((-10)/8)/((-1)/4). Let p be -34*(-2)/12 + 554/(-831). Calculate the highest common factor of b and p.
5
Let p = 55 - 37. Suppose -190 = -5*d + 5*t, 3*d + 2*t = p + 71. Let a = -9 + d. What is the highest common factor of a and 6?
6
Let o = -399 - -509. Calculate the greatest common factor of 44 and o.
22
Suppose -z = 5 - 22. Suppose 19*x + 11*x - 1020 = 0. What is the greatest common divisor of x and z?
17
Suppose 26*j - 24*j + 196 = 0. Let c = j - -110. What is the greatest common divisor of 9 and c?
3
Suppose 108*g + 1575 = 123*g. Suppose -4*c + 179 = -101. What is the greatest common divisor of g and c?
35
Let v be ((-12)/15)/(-6 - 268/(-45)). Calculate the highest common factor of 414 and v.
18
Let z(p) = -78 - 5*p + 27 + 28. Let k be z(-6). Calculate the greatest common factor of k and 63.
7
Let v(j) = 13*j**2 - 1. Suppose -4*k - 7 = -3. Let u be v(k). Suppose u = 5*h - h. What is the highest common factor of h and 2?
1
Suppose 48 = -3*d + 5*d. Let b = -8 + 11. Calculate the highest common divisor of d and b.
3
Suppose -3*i - i + 52 = 0. Let l(f) = 10*f - 111. Let o be l(15). What is the greatest common factor of o and i?
13
Let r(u) = 3*u + 10. Let t be r(7). Let g = t + 25. Calculate the greatest common divisor of 84 and g.
28
Suppose 190*m + 1187 = 192*m + 3*x, -x - 586 = -m. What is the highest common divisor of 93 and m?
31
Suppose 4*i = -5 + 45. Let b = i - 5. Sup